{"id":90362,"date":"2000-06-13T17:19:42","date_gmt":"2000-06-13T20:19:42","guid":{"rendered":"http:\/\/www.cebb.org.br\/?page_id=90362"},"modified":"2000-06-13T17:19:42","modified_gmt":"2000-06-13T20:19:42","slug":"palestra-com-lama-samten-educacao-na-perspectiva-budista-pagina-de-acompanhamento","status":"publish","type":"page","link":"https:\/\/cebb.org.br\/en\/palestra-com-lama-samten-educacao-na-perspectiva-budista-pagina-de-acompanhamento\/","title":{"rendered":"Palestra com Lama Samten &#124; Educa\u00e7\u00e3o na perspectiva budista &#8211; P\u00e1gina de Acompanhamento"},"content":{"rendered":"<p>Bem-vindos\u00a0\u00e0 p\u00e1gina de acompanhamento dos ensinamentos com Lama Padma Samten na palestra Educa\u00e7\u00e3o na perspectiva budista, transmitida ao vivo do CEBB Caminho do Meio dia 25 de junho de 2022, das 9 \u00e0s 11h. Os registros permanecem dispon\u00edveis aqui para os inscritos.<br \/>\n<strong>IMPORTANTE <\/strong>\u00b7\u00a0Por favor, n\u00e3o compartilhe esta p\u00e1gina, v\u00eddeos, links ou documentos aqui listados. Cada praticante aproveita melhor os ensinamentos quando manifesta interesse e se alegra em apoiar o movimento dos mestres. Se quiser compartilhar a alegria desta palestra com mais pessoas, convide-as a\u00a0tamb\u00e9m fazer a inscri\u00e7\u00e3o, mesmo ap\u00f3s o fim da palestra.<\/p>\n<h3>Acesso ao Zoom<\/h3>\n<p>Entrar na reuni\u00e3o Zoom<br \/>\n<a href=\"https:\/\/us06web.zoom.us\/j\/83222604391?pwd=NkxyV0NBSWZzdGhub2tjRGNXTllTUT09\" target=\"_blank\" rel=\"noopener\">https:\/\/us06web.zoom.us\/j\/83222604391?pwd=NkxyV0NBSWZzdGhub2tjRGNXTllTUT09<strong><br \/>\n<\/strong><\/a><strong>ID da reuni\u00e3o:<\/strong> 832 2260 4391<a href=\"https:\/\/us06web.zoom.us\/j\/83222604391?pwd=NkxyV0NBSWZzdGhub2tjRGNXTllTUT09\" target=\"_blank\" rel=\"noopener\"><strong><br \/>\n<\/strong><\/a><strong>Senha de acesso: <\/strong>108<strong><\/strong><\/p>\n<h3>Acesse ao link do Youtube<\/h3>\n<p><a href=\"https:\/\/youtu.be\/ym5LdVC156g\" target=\"_blank\" rel=\"noopener\">https:\/\/youtu.be\/ym5LdVC156g<\/a><\/p>\n<h3>Schedule<\/h3>\n<p>S\u00e1bado \u00b7 25\/06\/2021<br \/>\n8h \u00e0s 9h \u2013 Medita\u00e7\u00e3o silenciosa<br \/>\n9h \u00e0s 11h \u2013 Ensinamentos do Lama Padma Samten<\/p>\n<h3>Practice of Generosity<\/h3>\n<p>A pr\u00e1tica da Dana Paramita \u2013 perfei\u00e7\u00e3o da generosidade \u2013 torna poss\u00edvel a continuidade dos ensinamentos desde os tempos do Buda. As seis paramitas \u2013 generosidade, moralidade, paci\u00eancia, energia constante, concentra\u00e7\u00e3o e sabedoria \u2013 inspiram a pr\u00e1tica e s\u00e3o a base geradora e sustentadora dos centros de estudos, medita\u00e7\u00e3o, acolhimento e das iniciativas de educa\u00e7\u00e3o, prote\u00e7\u00e3o ambiental, Terras Puras e Cultura de Paz da Sanga CEBB.<br \/>\n<strong>Para contribui\u00e7\u00f5es dentro do Brasil, os dados banc\u00e1rios s\u00e3o:<\/strong><br \/>\nBanco do Brasil (001)<br \/>\nFavorecido: Centro de Estudos Budistas Bodisatva<br \/>\nAgencia: 0628-9<br \/>\nConta corrente: 50124-7<br \/>\nCNPJ 94958949\/0001-42<br \/>\nPIX \u2013 CNPJ 94958949000142<br \/>\n<strong>Para contribui\u00e7\u00f5es fora do Brasil, entre em contato com<\/strong>\u00a0gestaoecm@gmail.com<br \/>\nSe tiver d\u00favidas, conte conosco:\u00a0gestaoecm@gmail.com<\/p>","protected":false},"excerpt":{"rendered":"<p>Bem-vindos\u00a0\u00e0 p\u00e1gina de acompanhamento dos ensinamentos com Lama Padma Samten na palestra Educa\u00e7\u00e3o na perspectiva budista, transmitida ao vivo do CEBB Caminho do Meio dia 25 de junho de 2022, das 9 \u00e0s 11h. Os registros permanecem dispon\u00edveis aqui para os inscritos. IMPORTANTE \u00b7\u00a0Por favor, n\u00e3o compartilhe esta p\u00e1gina, v\u00eddeos, links ou documentos aqui listados. [&hellip;]<\/p>\n","protected":false},"author":1,"featured_media":0,"parent":0,"menu_order":0,"comment_status":"closed","ping_status":"open","template":"","meta":{"footnotes":""},"class_list":["post-90362","page","type-page","status-publish","hentry"],"yoast_head":"<!-- This site is optimized with the Yoast SEO plugin v27.5 - https:\/\/yoast.com\/product\/yoast-seo-wordpress\/ -->\n<title>Palestra com Lama Samten &#124; Educa\u00e7\u00e3o na perspectiva budista - P\u00e1gina de Acompanhamento - Centro de Estudos Budistas Bodisatva<\/title>\n<meta name=\"robots\" content=\"index, follow, max-snippet:-1, max-image-preview:large, max-video-preview:-1\" \/>\n<link rel=\"canonical\" href=\"https:\/\/cebb.org.br\/en\/palestra-com-lama-samten-educacao-na-perspectiva-budista-pagina-de-acompanhamento\/\" \/>\n<meta property=\"og:locale\" content=\"en_GB\" \/>\n<meta property=\"og:type\" content=\"article\" \/>\n<meta property=\"og:title\" content=\"Palestra com Lama Samten &#124; Educa\u00e7\u00e3o na perspectiva budista - P\u00e1gina de Acompanhamento - Centro de Estudos Budistas Bodisatva\" \/>\n<meta property=\"og:description\" content=\"Bem-vindos\u00a0\u00e0 p\u00e1gina de acompanhamento dos ensinamentos com Lama Padma Samten na palestra Educa\u00e7\u00e3o na perspectiva budista, transmitida ao vivo do CEBB Caminho do Meio dia 25 de junho de 2022, das 9 \u00e0s 11h. Os registros permanecem dispon\u00edveis aqui para os inscritos. IMPORTANTE \u00b7\u00a0Por favor, n\u00e3o compartilhe esta p\u00e1gina, v\u00eddeos, links ou documentos aqui listados. [&hellip;]\" \/>\n<meta property=\"og:url\" content=\"https:\/\/cebb.org.br\/en\/palestra-com-lama-samten-educacao-na-perspectiva-budista-pagina-de-acompanhamento\/\" \/>\n<meta property=\"og:site_name\" content=\"Centro de Estudos Budistas Bodisatva\" \/>\n<meta property=\"article:publisher\" content=\"https:\/\/pt-br.facebook.com\/cebb108\" \/>\n<meta name=\"twitter:card\" content=\"summary_large_image\" \/>\n<meta name=\"twitter:label1\" content=\"Estimated reading time\" \/>\n\t<meta name=\"twitter:data1\" content=\"1 minute\" \/>\n<script type=\"application\/ld+json\" class=\"yoast-schema-graph\">{\"@context\":\"https:\\\/\\\/schema.org\",\"@graph\":[{\"@type\":\"WebPage\",\"@id\":\"https:\\\/\\\/cebb.org.br\\\/palestra-com-lama-samten-educacao-na-perspectiva-budista-pagina-de-acompanhamento\\\/\",\"url\":\"https:\\\/\\\/cebb.org.br\\\/palestra-com-lama-samten-educacao-na-perspectiva-budista-pagina-de-acompanhamento\\\/\",\"name\":\"Palestra com Lama Samten &#124; Educa\u00e7\u00e3o na perspectiva budista - P\u00e1gina de Acompanhamento - Centro de Estudos Budistas Bodisatva\",\"isPartOf\":{\"@id\":\"https:\\\/\\\/cebb.org.br\\\/#website\"},\"datePublished\":\"2000-06-13T20:19:42+00:00\",\"breadcrumb\":{\"@id\":\"https:\\\/\\\/cebb.org.br\\\/palestra-com-lama-samten-educacao-na-perspectiva-budista-pagina-de-acompanhamento\\\/#breadcrumb\"},\"inLanguage\":\"en-GB\",\"potentialAction\":[{\"@type\":\"ReadAction\",\"target\":[\"https:\\\/\\\/cebb.org.br\\\/palestra-com-lama-samten-educacao-na-perspectiva-budista-pagina-de-acompanhamento\\\/\"]}]},{\"@type\":\"BreadcrumbList\",\"@id\":\"https:\\\/\\\/cebb.org.br\\\/palestra-com-lama-samten-educacao-na-perspectiva-budista-pagina-de-acompanhamento\\\/#breadcrumb\",\"itemListElement\":[{\"@type\":\"ListItem\",\"position\":1,\"name\":\"Home\",\"item\":\"https:\\\/\\\/cebb.org.br\\\/\"},{\"@type\":\"ListItem\",\"position\":2,\"name\":\"Palestra com Lama Samten &#124; Educa\u00e7\u00e3o na perspectiva budista &#8211; P\u00e1gina de Acompanhamento\"}]},{\"@type\":\"WebSite\",\"@id\":\"https:\\\/\\\/cebb.org.br\\\/#website\",\"url\":\"https:\\\/\\\/cebb.org.br\\\/\",\"name\":\"Centro de Estudos Budistas Bodisatva\",\"description\":\"Budismo, medita\u00e7\u00e3o e cultura de paz | Lama Padma Samten\",\"publisher\":{\"@id\":\"https:\\\/\\\/cebb.org.br\\\/#organization\"},\"potentialAction\":[{\"@type\":\"SearchAction\",\"target\":{\"@type\":\"EntryPoint\",\"urlTemplate\":\"https:\\\/\\\/cebb.org.br\\\/?s={search_term_string}\"},\"query-input\":{\"@type\":\"PropertyValueSpecification\",\"valueRequired\":true,\"valueName\":\"search_term_string\"}}],\"inLanguage\":\"en-GB\"},{\"@type\":\"Organization\",\"@id\":\"https:\\\/\\\/cebb.org.br\\\/#organization\",\"name\":\"Centro de Estudos Budistas Bodisatva\",\"url\":\"https:\\\/\\\/cebb.org.br\\\/\",\"logo\":{\"@type\":\"ImageObject\",\"inLanguage\":\"en-GB\",\"@id\":\"https:\\\/\\\/cebb.org.br\\\/#\\\/schema\\\/logo\\\/image\\\/\",\"url\":\"http:\\\/\\\/18.230.164.79\\\/wp-content\\\/uploads\\\/2011\\\/03\\\/logosalvador-peq-e1660064979551.jpg\",\"contentUrl\":\"http:\\\/\\\/18.230.164.79\\\/wp-content\\\/uploads\\\/2011\\\/03\\\/logosalvador-peq-e1660064979551.jpg\",\"width\":280,\"height\":231,\"caption\":\"Centro de Estudos Budistas Bodisatva\"},\"image\":{\"@id\":\"https:\\\/\\\/cebb.org.br\\\/#\\\/schema\\\/logo\\\/image\\\/\"},\"sameAs\":[\"https:\\\/\\\/pt-br.facebook.com\\\/cebb108\",\"https:\\\/\\\/www.instagram.com\\\/cebbcaminhodomeio\\\/\"]}]}<\/script>\n<!-- \/ Yoast SEO plugin. -->","yoast_head_json":{"title":"Palestra com Lama Samten &#124; Educa\u00e7\u00e3o na perspectiva budista - P\u00e1gina de Acompanhamento - Centro de Estudos Budistas Bodisatva","robots":{"index":"index","follow":"follow","max-snippet":"max-snippet:-1","max-image-preview":"max-image-preview:large","max-video-preview":"max-video-preview:-1"},"canonical":"https:\/\/cebb.org.br\/en\/palestra-com-lama-samten-educacao-na-perspectiva-budista-pagina-de-acompanhamento\/","og_locale":"en_GB","og_type":"article","og_title":"Palestra com Lama Samten &#124; Educa\u00e7\u00e3o na perspectiva budista - P\u00e1gina de Acompanhamento - Centro de Estudos Budistas Bodisatva","og_description":"Bem-vindos\u00a0\u00e0 p\u00e1gina de acompanhamento dos ensinamentos com Lama Padma Samten na palestra Educa\u00e7\u00e3o na perspectiva budista, transmitida ao vivo do CEBB Caminho do Meio dia 25 de junho de 2022, das 9 \u00e0s 11h. Os registros permanecem dispon\u00edveis aqui para os inscritos. IMPORTANTE \u00b7\u00a0Por favor, n\u00e3o compartilhe esta p\u00e1gina, v\u00eddeos, links ou documentos aqui listados. [&hellip;]","og_url":"https:\/\/cebb.org.br\/en\/palestra-com-lama-samten-educacao-na-perspectiva-budista-pagina-de-acompanhamento\/","og_site_name":"Centro de Estudos Budistas Bodisatva","article_publisher":"https:\/\/pt-br.facebook.com\/cebb108","twitter_card":"summary_large_image","twitter_misc":{"Estimated reading time":"1 minute"},"schema":{"@context":"https:\/\/schema.org","@graph":[{"@type":"WebPage","@id":"https:\/\/cebb.org.br\/palestra-com-lama-samten-educacao-na-perspectiva-budista-pagina-de-acompanhamento\/","url":"https:\/\/cebb.org.br\/palestra-com-lama-samten-educacao-na-perspectiva-budista-pagina-de-acompanhamento\/","name":"Palestra com Lama Samten &#124; Educa\u00e7\u00e3o na perspectiva budista - P\u00e1gina de Acompanhamento - Centro de Estudos Budistas Bodisatva","isPartOf":{"@id":"https:\/\/cebb.org.br\/#website"},"datePublished":"2000-06-13T20:19:42+00:00","breadcrumb":{"@id":"https:\/\/cebb.org.br\/palestra-com-lama-samten-educacao-na-perspectiva-budista-pagina-de-acompanhamento\/#breadcrumb"},"inLanguage":"en-GB","potentialAction":[{"@type":"ReadAction","target":["https:\/\/cebb.org.br\/palestra-com-lama-samten-educacao-na-perspectiva-budista-pagina-de-acompanhamento\/"]}]},{"@type":"BreadcrumbList","@id":"https:\/\/cebb.org.br\/palestra-com-lama-samten-educacao-na-perspectiva-budista-pagina-de-acompanhamento\/#breadcrumb","itemListElement":[{"@type":"ListItem","position":1,"name":"Home","item":"https:\/\/cebb.org.br\/"},{"@type":"ListItem","position":2,"name":"Palestra com Lama Samten &#124; Educa\u00e7\u00e3o na perspectiva budista &#8211; P\u00e1gina de Acompanhamento"}]},{"@type":"WebSite","@id":"https:\/\/cebb.org.br\/#website","url":"https:\/\/cebb.org.br\/","name":"Bodhisattva Center for Buddhist Studies","description":"Budismo, medita\u00e7\u00e3o e cultura de paz | Lama Padma Samten","publisher":{"@id":"https:\/\/cebb.org.br\/#organization"},"potentialAction":[{"@type":"SearchAction","target":{"@type":"EntryPoint","urlTemplate":"https:\/\/cebb.org.br\/?s={search_term_string}"},"query-input":{"@type":"PropertyValueSpecification","valueRequired":true,"valueName":"search_term_string"}}],"inLanguage":"en-GB"},{"@type":"Organization","@id":"https:\/\/cebb.org.br\/#organization","name":"Bodhisattva Center for Buddhist Studies","url":"https:\/\/cebb.org.br\/","logo":{"@type":"ImageObject","inLanguage":"en-GB","@id":"https:\/\/cebb.org.br\/#\/schema\/logo\/image\/","url":"http:\/\/18.230.164.79\/wp-content\/uploads\/2011\/03\/logosalvador-peq-e1660064979551.jpg","contentUrl":"http:\/\/18.230.164.79\/wp-content\/uploads\/2011\/03\/logosalvador-peq-e1660064979551.jpg","width":280,"height":231,"caption":"Centro de Estudos Budistas Bodisatva"},"image":{"@id":"https:\/\/cebb.org.br\/#\/schema\/logo\/image\/"},"sameAs":["https:\/\/pt-br.facebook.com\/cebb108","https:\/\/www.instagram.com\/cebbcaminhodomeio\/"]}]}},"_links":{"self":[{"href":"https:\/\/cebb.org.br\/en\/wp-json\/wp\/v2\/pages\/90362","targetHints":{"allow":["GET"]}}],"collection":[{"href":"https:\/\/cebb.org.br\/en\/wp-json\/wp\/v2\/pages"}],"about":[{"href":"https:\/\/cebb.org.br\/en\/wp-json\/wp\/v2\/types\/page"}],"author":[{"embeddable":true,"href":"https:\/\/cebb.org.br\/en\/wp-json\/wp\/v2\/users\/1"}],"replies":[{"embeddable":true,"href":"https:\/\/cebb.org.br\/en\/wp-json\/wp\/v2\/comments?post=90362"}],"version-history":[{"count":0,"href":"https:\/\/cebb.org.br\/en\/wp-json\/wp\/v2\/pages\/90362\/revisions"}],"wp:attachment":[{"href":"https:\/\/cebb.org.br\/en\/wp-json\/wp\/v2\/media?parent=90362"}],"curies":[{"name":"wp","href":"https:\/\/api.w.org\/{rel}","templated":true}]}}

Palestra com Lama Samten &#124; Educação na perspectiva budista &#8211; Página de Acompanhamento

<p>Bem-vindos à página de acompanhamento dos ensinamentos com Lama Padma Samten na palestra Educação na perspectiva budista, transmitida ao vivo do CEBB Caminho do Meio dia 25 de junho de 2022, das 9 às 11h. Os registros permanecem disponíveis aqui para os inscritos.<br />
<strong>IMPORTANTE </strong>· Por favor, não compartilhe esta página, vídeos, links ou documentos aqui listados. Cada praticante aproveita melhor os ensinamentos quando manifesta interesse e se alegra em apoiar o movimento dos mestres. Se quiser compartilhar a alegria desta palestra com mais pessoas, convide-as a também fazer a inscrição, mesmo após o fim da palestra.</p>
<h3>Acesso ao Zoom</h3>
<p>Entrar na reunião Zoom<br />
<a href="https://us06web.zoom.us/j/83222604391?pwd=NkxyV0NBSWZzdGhub2tjRGNXTllTUT09" target="_blank" rel="noopener">https://us06web.zoom.us/j/83222604391?pwd=NkxyV0NBSWZzdGhub2tjRGNXTllTUT09<strong><br />
</strong></a><strong>ID da reunião:</strong> 832 2260 4391<a href="https://us06web.zoom.us/j/83222604391?pwd=NkxyV0NBSWZzdGhub2tjRGNXTllTUT09" target="_blank" rel="noopener"><strong><br />
</strong></a><strong>Senha de acesso: </strong>108<strong></strong></p>
<h3>Acesse ao link do Youtube</h3>
<p><a href="https://youtu.be/ym5LdVC156g" target="_blank" rel="noopener">https://youtu.be/ym5LdVC156g</a></p>
<h3>Schedule</h3>
<p>Sábado · 25/06/2021<br />
8h às 9h – Meditação silenciosa<br />
9h às 11h – Ensinamentos do Lama Padma Samten</p>
<h3>Practice of Generosity</h3>
<p>A prática da Dana Paramita – perfeição da generosidade – torna possível a continuidade dos ensinamentos desde os tempos do Buda. As seis paramitas – generosidade, moralidade, paciência, energia constante, concentração e sabedoria – inspiram a prática e são a base geradora e sustentadora dos centros de estudos, meditação, acolhimento e das iniciativas de educação, proteção ambiental, Terras Puras e Cultura de Paz da Sanga CEBB.<br />
<strong>Para contribuições dentro do Brasil, os dados bancários são:</strong><br />
Banco do Brasil (001)<br />
Favorecido: Centro de Estudos Budistas Bodisatva<br />
Agencia: 0628-9<br />
Conta corrente: 50124-7<br />
CNPJ 94958949/0001-42<br />
PIX – CNPJ 94958949000142<br />
<strong>Para contribuições fora do Brasil, entre em contato com</strong> gestaoecm@gmail.com<br />
Se tiver dúvidas, conte conosco: gestaoecm@gmail.com</p>

<p>Bem-vindos à página de acompanhamento dos ensinamentos com Lama Padma Samten na palestra Educação na perspectiva budista, transmitida ao vivo do CEBB Caminho do Meio dia 25 de junho de 2022, das 9 às 11h. Os registros permanecem disponíveis aqui para os inscritos. IMPORTANTE · Por favor, não compartilhe esta página, vídeos, links ou documentos aqui listados. [&hellip;]</p>

<!-- This site is optimized with the Yoast SEO plugin v27.5 - https://yoast.com/product/yoast-seo-wordpress/ -->
<title>Palestra com Lama Samten &#124; Educação na perspectiva budista - Página de Acompanhamento - Centro de Estudos Budistas Bodisatva</title>
<meta name="robots" content="index, follow, max-snippet:-1, max-image-preview:large, max-video-preview:-1" />
<link rel="canonical" href="https://cebb.org.br/en/palestra-com-lama-samten-educacao-na-perspectiva-budista-pagina-de-acompanhamento/" />
<meta property="og:locale" content="en_GB" />
<meta property="og:type" content="article" />
<meta property="og:title" content="Palestra com Lama Samten &#124; Educação na perspectiva budista - Página de Acompanhamento - Centro de Estudos Budistas Bodisatva" />
<meta property="og:description" content="Bem-vindos à página de acompanhamento dos ensinamentos com Lama Padma Samten na palestra Educação na perspectiva budista, transmitida ao vivo do CEBB Caminho do Meio dia 25 de junho de 2022, das 9 às 11h. Os registros permanecem disponíveis aqui para os inscritos. IMPORTANTE · Por favor, não compartilhe esta página, vídeos, links ou documentos aqui listados. [&hellip;]" />
<meta property="og:url" content="https://cebb.org.br/en/palestra-com-lama-samten-educacao-na-perspectiva-budista-pagina-de-acompanhamento/" />
<meta property="og:site_name" content="Centro de Estudos Budistas Bodisatva" />
<meta property="article:publisher" content="https://pt-br.facebook.com/cebb108" />
<meta name="twitter:card" content="summary_large_image" />
<meta name="twitter:label1" content="Estimated reading time" />
	<meta name="twitter:data1" content="1 minute" />
<script type="application/ld+json" class="yoast-schema-graph">{"@context":"https:\/\/schema.org","@graph":[{"@type":"WebPage","@id":"https:\/\/cebb.org.br\/palestra-com-lama-samten-educacao-na-perspectiva-budista-pagina-de-acompanhamento\/","url":"https:\/\/cebb.org.br\/palestra-com-lama-samten-educacao-na-perspectiva-budista-pagina-de-acompanhamento\/","name":"Palestra com Lama Samten &#124; Educação na perspectiva budista - Página de Acompanhamento - Centro de Estudos Budistas Bodisatva","isPartOf":{"@id":"https:\/\/cebb.org.br\/#website"},"datePublished":"2000-06-13T20:19:42+00:00","breadcrumb":{"@id":"https:\/\/cebb.org.br\/palestra-com-lama-samten-educacao-na-perspectiva-budista-pagina-de-acompanhamento\/#breadcrumb"},"inLanguage":"en-GB","potentialAction":[{"@type":"ReadAction","target":["https:\/\/cebb.org.br\/palestra-com-lama-samten-educacao-na-perspectiva-budista-pagina-de-acompanhamento\/"]}]},{"@type":"BreadcrumbList","@id":"https:\/\/cebb.org.br\/palestra-com-lama-samten-educacao-na-perspectiva-budista-pagina-de-acompanhamento\/#breadcrumb","itemListElement":[{"@type":"ListItem","position":1,"name":"Home","item":"https:\/\/cebb.org.br\/"},{"@type":"ListItem","position":2,"name":"Palestra com Lama Samten &#124; Educação na perspectiva budista &#8211; Página de Acompanhamento"}]},{"@type":"WebSite","@id":"https:\/\/cebb.org.br\/#website","url":"https:\/\/cebb.org.br\/","name":"Centro de Estudos Budistas Bodisatva","description":"Budismo, meditação e cultura de paz | Lama Padma Samten","publisher":{"@id":"https:\/\/cebb.org.br\/#organization"},"potentialAction":[{"@type":"SearchAction","target":{"@type":"EntryPoint","urlTemplate":"https:\/\/cebb.org.br\/?s={search_term_string}"},"query-input":{"@type":"PropertyValueSpecification","valueRequired":true,"valueName":"search_term_string"}}],"inLanguage":"en-GB"},{"@type":"Organization","@id":"https:\/\/cebb.org.br\/#organization","name":"Centro de Estudos Budistas Bodisatva","url":"https:\/\/cebb.org.br\/","logo":{"@type":"ImageObject","inLanguage":"en-GB","@id":"https:\/\/cebb.org.br\/#\/schema\/logo\/image\/","url":"http:\/\/18.230.164.79\/wp-content\/uploads\/2011\/03\/logosalvador-peq-e1660064979551.jpg","contentUrl":"http:\/\/18.230.164.79\/wp-content\/uploads\/2011\/03\/logosalvador-peq-e1660064979551.jpg","width":280,"height":231,"caption":"Centro de Estudos Budistas Bodisatva"},"image":{"@id":"https:\/\/cebb.org.br\/#\/schema\/logo\/image\/"},"sameAs":["https:\/\/pt-br.facebook.com\/cebb108","https:\/\/www.instagram.com\/cebbcaminhodomeio\/"]}]}</script>
<!-- / Yoast SEO plugin. -->

Palestra com Lama Samten &#124; Educação na perspectiva budista - Página de Acompanhamento - Centro de Estudos Budistas Bodisatva

Bem-vindos à página de acompanhamento dos ensinamentos com Lama Padma Samten na palestra Educação na perspectiva budista, transmitida ao vivo do CEBB Caminho do Meio dia 25 de junho de 2022, das 9 às 11h. Os registros permanecem disponíveis aqui para os inscritos. IMPORTANTE · Por favor, não compartilhe esta página, vídeos, links ou documentos aqui listados. [&hellip;]

Budismo, meditação e cultura de paz | Lama Padma Samten
