{"id":93654,"date":"2022-11-15T12:25:31","date_gmt":"2022-11-15T15:25:31","guid":{"rendered":"https:\/\/cebb.org.br\/?page_id=93654"},"modified":"2022-11-15T12:25:31","modified_gmt":"2022-11-15T15:25:31","slug":"instrucoes-para-participacao-presencial-108-horas-de-paz-2022-23","status":"publish","type":"page","link":"https:\/\/cebb.org.br\/es\/instrucoes-para-participacao-presencial-108-horas-de-paz-2022-23\/","title":{"rendered":"Instru\u00e7\u00f5es para Participa\u00e7\u00e3o Presencial: 108 Horas de Paz 2022-23"},"content":{"rendered":"<p>O 108 Horas de Paz &#8211; Espiritualidade e Cultura de Paz 2022-23, ser\u00e1 presencial e transmitido online no per\u00edodo de 27 de dezembro de 2022  a 01 de janeiro de 2023. Esta p\u00e1gina traz instru\u00e7\u00f5es para aqueles que desejam acompanhar presencialmente no CEBB Caminho do Meio (Viam\u00e3o, RS).<!--more--><\/p>\n<h3>Chegada e alimenta\u00e7\u00e3o<\/h3>\n<p>Para melhor conforto e aproveitamento do encontro e estada no CEBB Caminho do Meio, sugerimos que a chegada no Caminho do Meio aconte\u00e7a na segunda, 26\/11\/22 (ser\u00e1 servido o jantar das 18 \u00e0s 18:45) e  sa\u00edda no domingo, 01\/01\/23, ap\u00f3s os fim do encontro (12h ser\u00e1 servido o almo\u00e7o).<br \/>\nCaso precise chegar na segunda, 26\/11\/22, ao longo do dia, por favor, providencie suas refei\u00e7\u00f5es. A cozinha somente estar\u00e1 funcionando a partir do dejejum de ter\u00e7a, 27\/12 e encerrar\u00e1 suas atividades no almo\u00e7o de domingo, 01\/01\/23.<\/p>\n<h3>Cuidados com a Pandemia<\/h3>\n<p>Em rela\u00e7\u00e3o \u00e0 pandemia, os cuidados <strong>obrigat\u00f3rios<\/strong> para participar presencialmente do encontro s\u00e3o os seguintes:<\/p>\n<ul>\n<li>. ter recebido a vacina\u00e7\u00e3o completa contra Covid;<\/li>\n<li>. caso tenha sintomas (tosse, espirro, secre\u00e7\u00e3o nasal, febre) usar m\u00e1scaras de prote\u00e7\u00e3o no Templo, nos espa\u00e7os compartilhados e nas demais \u00e1reas da Aldeia CEBB Caminho do Meio;<\/li>\n<li>. manter o distanciamento f\u00edsico (no Templo e no refeit\u00f3rio os lugares estar\u00e3o previamente marcados).<\/li>\n<\/ul>\n<h3>Programa\u00e7\u00e3o<\/h3>\n<p>A Programa\u00e7\u00e3o completa ser\u00e1 informada progressivamente, conforme constru\u00e7\u00e3o coletiva pelo movimento CEBB.<\/p>","protected":false},"excerpt":{"rendered":"<p>O 108 Horas de Paz &#8211; Espiritualidade e Cultura de Paz 2022-23, ser\u00e1 presencial e transmitido online no per\u00edodo de 27 de dezembro de 2022 a 01 de janeiro de 2023. Esta p\u00e1gina traz instru\u00e7\u00f5es para aqueles que desejam acompanhar presencialmente no CEBB Caminho do Meio (Viam\u00e3o, RS).<\/p>","protected":false},"author":64,"featured_media":0,"parent":0,"menu_order":0,"comment_status":"closed","ping_status":"closed","template":"","meta":{"footnotes":""},"class_list":["post-93654","page","type-page","status-publish","hentry"],"yoast_head":"<!-- This site is optimized with the Yoast SEO plugin v27.5 - https:\/\/yoast.com\/product\/yoast-seo-wordpress\/ -->\n<title>Instru\u00e7\u00f5es para Participa\u00e7\u00e3o Presencial: 108 Horas de Paz 2022-23 - Centro de Estudos Budistas Bodisatva<\/title>\n<meta name=\"robots\" content=\"index, follow, max-snippet:-1, max-image-preview:large, max-video-preview:-1\" \/>\n<link rel=\"canonical\" href=\"https:\/\/cebb.org.br\/es\/instrucoes-para-participacao-presencial-108-horas-de-paz-2022-23\/\" \/>\n<meta property=\"og:locale\" content=\"es_ES\" \/>\n<meta property=\"og:type\" content=\"article\" \/>\n<meta property=\"og:title\" content=\"Instru\u00e7\u00f5es para Participa\u00e7\u00e3o Presencial: 108 Horas de Paz 2022-23 - Centro de Estudos Budistas Bodisatva\" \/>\n<meta property=\"og:description\" content=\"O 108 Horas de Paz &#8211; Espiritualidade e Cultura de Paz 2022-23, ser\u00e1 presencial e transmitido online no per\u00edodo de 27 de dezembro de 2022 a 01 de janeiro de 2023. Esta p\u00e1gina traz instru\u00e7\u00f5es para aqueles que desejam acompanhar presencialmente no CEBB Caminho do Meio (Viam\u00e3o, RS).\" \/>\n<meta property=\"og:url\" content=\"https:\/\/cebb.org.br\/es\/instrucoes-para-participacao-presencial-108-horas-de-paz-2022-23\/\" \/>\n<meta property=\"og:site_name\" content=\"Centro de Estudos Budistas Bodisatva\" \/>\n<meta property=\"article:publisher\" content=\"https:\/\/pt-br.facebook.com\/cebb108\" \/>\n<meta name=\"twitter:card\" content=\"summary_large_image\" \/>\n<meta name=\"twitter:label1\" content=\"Tiempo de lectura\" \/>\n\t<meta name=\"twitter:data1\" content=\"2 minutos\" \/>\n<script type=\"application\/ld+json\" class=\"yoast-schema-graph\">{\"@context\":\"https:\\\/\\\/schema.org\",\"@graph\":[{\"@type\":\"WebPage\",\"@id\":\"https:\\\/\\\/cebb.org.br\\\/instrucoes-para-participacao-presencial-108-horas-de-paz-2022-23\\\/\",\"url\":\"https:\\\/\\\/cebb.org.br\\\/instrucoes-para-participacao-presencial-108-horas-de-paz-2022-23\\\/\",\"name\":\"Instru\u00e7\u00f5es para Participa\u00e7\u00e3o Presencial: 108 Horas de Paz 2022-23 - Centro de Estudos Budistas Bodisatva\",\"isPartOf\":{\"@id\":\"https:\\\/\\\/cebb.org.br\\\/#website\"},\"datePublished\":\"2022-11-15T15:25:31+00:00\",\"breadcrumb\":{\"@id\":\"https:\\\/\\\/cebb.org.br\\\/instrucoes-para-participacao-presencial-108-horas-de-paz-2022-23\\\/#breadcrumb\"},\"inLanguage\":\"es\",\"potentialAction\":[{\"@type\":\"ReadAction\",\"target\":[\"https:\\\/\\\/cebb.org.br\\\/instrucoes-para-participacao-presencial-108-horas-de-paz-2022-23\\\/\"]}]},{\"@type\":\"BreadcrumbList\",\"@id\":\"https:\\\/\\\/cebb.org.br\\\/instrucoes-para-participacao-presencial-108-horas-de-paz-2022-23\\\/#breadcrumb\",\"itemListElement\":[{\"@type\":\"ListItem\",\"position\":1,\"name\":\"Home\",\"item\":\"https:\\\/\\\/cebb.org.br\\\/\"},{\"@type\":\"ListItem\",\"position\":2,\"name\":\"Instru\u00e7\u00f5es para Participa\u00e7\u00e3o Presencial: 108 Horas de Paz 2022-23\"}]},{\"@type\":\"WebSite\",\"@id\":\"https:\\\/\\\/cebb.org.br\\\/#website\",\"url\":\"https:\\\/\\\/cebb.org.br\\\/\",\"name\":\"Centro de Estudos Budistas Bodisatva\",\"description\":\"Budismo, medita\u00e7\u00e3o e cultura de paz | Lama Padma Samten\",\"publisher\":{\"@id\":\"https:\\\/\\\/cebb.org.br\\\/#organization\"},\"potentialAction\":[{\"@type\":\"SearchAction\",\"target\":{\"@type\":\"EntryPoint\",\"urlTemplate\":\"https:\\\/\\\/cebb.org.br\\\/?s={search_term_string}\"},\"query-input\":{\"@type\":\"PropertyValueSpecification\",\"valueRequired\":true,\"valueName\":\"search_term_string\"}}],\"inLanguage\":\"es\"},{\"@type\":\"Organization\",\"@id\":\"https:\\\/\\\/cebb.org.br\\\/#organization\",\"name\":\"Centro de Estudos Budistas Bodisatva\",\"url\":\"https:\\\/\\\/cebb.org.br\\\/\",\"logo\":{\"@type\":\"ImageObject\",\"inLanguage\":\"es\",\"@id\":\"https:\\\/\\\/cebb.org.br\\\/#\\\/schema\\\/logo\\\/image\\\/\",\"url\":\"http:\\\/\\\/18.230.164.79\\\/wp-content\\\/uploads\\\/2011\\\/03\\\/logosalvador-peq-e1660064979551.jpg\",\"contentUrl\":\"http:\\\/\\\/18.230.164.79\\\/wp-content\\\/uploads\\\/2011\\\/03\\\/logosalvador-peq-e1660064979551.jpg\",\"width\":280,\"height\":231,\"caption\":\"Centro de Estudos Budistas Bodisatva\"},\"image\":{\"@id\":\"https:\\\/\\\/cebb.org.br\\\/#\\\/schema\\\/logo\\\/image\\\/\"},\"sameAs\":[\"https:\\\/\\\/pt-br.facebook.com\\\/cebb108\",\"https:\\\/\\\/www.instagram.com\\\/cebbcaminhodomeio\\\/\"]}]}<\/script>\n<!-- \/ Yoast SEO plugin. -->","yoast_head_json":{"title":"Instru\u00e7\u00f5es para Participa\u00e7\u00e3o Presencial: 108 Horas de Paz 2022-23 - Centro de Estudos Budistas Bodisatva","robots":{"index":"index","follow":"follow","max-snippet":"max-snippet:-1","max-image-preview":"max-image-preview:large","max-video-preview":"max-video-preview:-1"},"canonical":"https:\/\/cebb.org.br\/es\/instrucoes-para-participacao-presencial-108-horas-de-paz-2022-23\/","og_locale":"es_ES","og_type":"article","og_title":"Instru\u00e7\u00f5es para Participa\u00e7\u00e3o Presencial: 108 Horas de Paz 2022-23 - Centro de Estudos Budistas Bodisatva","og_description":"O 108 Horas de Paz &#8211; Espiritualidade e Cultura de Paz 2022-23, ser\u00e1 presencial e transmitido online no per\u00edodo de 27 de dezembro de 2022 a 01 de janeiro de 2023. Esta p\u00e1gina traz instru\u00e7\u00f5es para aqueles que desejam acompanhar presencialmente no CEBB Caminho do Meio (Viam\u00e3o, RS).","og_url":"https:\/\/cebb.org.br\/es\/instrucoes-para-participacao-presencial-108-horas-de-paz-2022-23\/","og_site_name":"Centro de Estudos Budistas Bodisatva","article_publisher":"https:\/\/pt-br.facebook.com\/cebb108","twitter_card":"summary_large_image","twitter_misc":{"Tiempo de lectura":"2 minutos"},"schema":{"@context":"https:\/\/schema.org","@graph":[{"@type":"WebPage","@id":"https:\/\/cebb.org.br\/instrucoes-para-participacao-presencial-108-horas-de-paz-2022-23\/","url":"https:\/\/cebb.org.br\/instrucoes-para-participacao-presencial-108-horas-de-paz-2022-23\/","name":"Instru\u00e7\u00f5es para Participa\u00e7\u00e3o Presencial: 108 Horas de Paz 2022-23 - Centro de Estudos Budistas Bodisatva","isPartOf":{"@id":"https:\/\/cebb.org.br\/#website"},"datePublished":"2022-11-15T15:25:31+00:00","breadcrumb":{"@id":"https:\/\/cebb.org.br\/instrucoes-para-participacao-presencial-108-horas-de-paz-2022-23\/#breadcrumb"},"inLanguage":"es","potentialAction":[{"@type":"ReadAction","target":["https:\/\/cebb.org.br\/instrucoes-para-participacao-presencial-108-horas-de-paz-2022-23\/"]}]},{"@type":"BreadcrumbList","@id":"https:\/\/cebb.org.br\/instrucoes-para-participacao-presencial-108-horas-de-paz-2022-23\/#breadcrumb","itemListElement":[{"@type":"ListItem","position":1,"name":"Home","item":"https:\/\/cebb.org.br\/"},{"@type":"ListItem","position":2,"name":"Instru\u00e7\u00f5es para Participa\u00e7\u00e3o Presencial: 108 Horas de Paz 2022-23"}]},{"@type":"WebSite","@id":"https:\/\/cebb.org.br\/#website","url":"https:\/\/cebb.org.br\/","name":"Centro de Estudios Budistas Bodisatva","description":"Budismo, meditaci\u00f3n y cultura de paz | Lama Padma Samten","publisher":{"@id":"https:\/\/cebb.org.br\/#organization"},"potentialAction":[{"@type":"SearchAction","target":{"@type":"EntryPoint","urlTemplate":"https:\/\/cebb.org.br\/?s={search_term_string}"},"query-input":{"@type":"PropertyValueSpecification","valueRequired":true,"valueName":"search_term_string"}}],"inLanguage":"es"},{"@type":"Organization","@id":"https:\/\/cebb.org.br\/#organization","name":"Centro de Estudios Budistas Bodisatva","url":"https:\/\/cebb.org.br\/","logo":{"@type":"ImageObject","inLanguage":"es","@id":"https:\/\/cebb.org.br\/#\/schema\/logo\/image\/","url":"http:\/\/18.230.164.79\/wp-content\/uploads\/2011\/03\/logosalvador-peq-e1660064979551.jpg","contentUrl":"http:\/\/18.230.164.79\/wp-content\/uploads\/2011\/03\/logosalvador-peq-e1660064979551.jpg","width":280,"height":231,"caption":"Centro de Estudos Budistas Bodisatva"},"image":{"@id":"https:\/\/cebb.org.br\/#\/schema\/logo\/image\/"},"sameAs":["https:\/\/pt-br.facebook.com\/cebb108","https:\/\/www.instagram.com\/cebbcaminhodomeio\/"]}]}},"_links":{"self":[{"href":"https:\/\/cebb.org.br\/es\/wp-json\/wp\/v2\/pages\/93654","targetHints":{"allow":["GET"]}}],"collection":[{"href":"https:\/\/cebb.org.br\/es\/wp-json\/wp\/v2\/pages"}],"about":[{"href":"https:\/\/cebb.org.br\/es\/wp-json\/wp\/v2\/types\/page"}],"author":[{"embeddable":true,"href":"https:\/\/cebb.org.br\/es\/wp-json\/wp\/v2\/users\/64"}],"replies":[{"embeddable":true,"href":"https:\/\/cebb.org.br\/es\/wp-json\/wp\/v2\/comments?post=93654"}],"version-history":[{"count":2,"href":"https:\/\/cebb.org.br\/es\/wp-json\/wp\/v2\/pages\/93654\/revisions"}],"predecessor-version":[{"id":93671,"href":"https:\/\/cebb.org.br\/es\/wp-json\/wp\/v2\/pages\/93654\/revisions\/93671"}],"wp:attachment":[{"href":"https:\/\/cebb.org.br\/es\/wp-json\/wp\/v2\/media?parent=93654"}],"curies":[{"name":"wp","href":"https:\/\/api.w.org\/{rel}","templated":true}]}}

Instruções para Participação Presencial: 108 Horas de Paz 2022-23

<p>O 108 Horas de Paz &#8211; Espiritualidade e Cultura de Paz 2022-23, será presencial e transmitido online no período de 27 de dezembro de 2022  a 01 de janeiro de 2023. Esta página traz instruções para aqueles que desejam acompanhar presencialmente no CEBB Caminho do Meio (Viamão, RS).<!--more--></p>
<h3>Chegada e alimentação</h3>
<p>Para melhor conforto e aproveitamento do encontro e estada no CEBB Caminho do Meio, sugerimos que a chegada no Caminho do Meio aconteça na segunda, 26/11/22 (será servido o jantar das 18 às 18:45) e  saída no domingo, 01/01/23, após os fim do encontro (12h será servido o almoço).<br />
Caso precise chegar na segunda, 26/11/22, ao longo do dia, por favor, providencie suas refeições. A cozinha somente estará funcionando a partir do dejejum de terça, 27/12 e encerrará suas atividades no almoço de domingo, 01/01/23.</p>
<h3>Cuidados com a Pandemia</h3>
<p>Em relação à pandemia, os cuidados <strong>obrigatórios</strong> para participar presencialmente do encontro são os seguintes:</p>
<ul>
<li>. ter recebido a vacinação completa contra Covid;</li>
<li>. caso tenha sintomas (tosse, espirro, secreção nasal, febre) usar máscaras de proteção no Templo, nos espaços compartilhados e nas demais áreas da Aldeia CEBB Caminho do Meio;</li>
<li>. manter o distanciamento físico (no Templo e no refeitório os lugares estarão previamente marcados).</li>
</ul>
<h3>Programação</h3>
<p>A Programação completa será informada progressivamente, conforme construção coletiva pelo movimento CEBB.</p>

<p>O 108 Horas de Paz &#8211; Espiritualidade e Cultura de Paz 2022-23, será presencial e transmitido online no período de 27 de dezembro de 2022 a 01 de janeiro de 2023. Esta página traz instruções para aqueles que desejam acompanhar presencialmente no CEBB Caminho do Meio (Viamão, RS).</p>

<!-- This site is optimized with the Yoast SEO plugin v27.5 - https://yoast.com/product/yoast-seo-wordpress/ -->
<title>Instruções para Participação Presencial: 108 Horas de Paz 2022-23 - Centro de Estudos Budistas Bodisatva</title>
<meta name="robots" content="index, follow, max-snippet:-1, max-image-preview:large, max-video-preview:-1" />
<link rel="canonical" href="https://cebb.org.br/es/instrucoes-para-participacao-presencial-108-horas-de-paz-2022-23/" />
<meta property="og:locale" content="es_ES" />
<meta property="og:type" content="article" />
<meta property="og:title" content="Instruções para Participação Presencial: 108 Horas de Paz 2022-23 - Centro de Estudos Budistas Bodisatva" />
<meta property="og:description" content="O 108 Horas de Paz &#8211; Espiritualidade e Cultura de Paz 2022-23, será presencial e transmitido online no período de 27 de dezembro de 2022 a 01 de janeiro de 2023. Esta página traz instruções para aqueles que desejam acompanhar presencialmente no CEBB Caminho do Meio (Viamão, RS)." />
<meta property="og:url" content="https://cebb.org.br/es/instrucoes-para-participacao-presencial-108-horas-de-paz-2022-23/" />
<meta property="og:site_name" content="Centro de Estudos Budistas Bodisatva" />
<meta property="article:publisher" content="https://pt-br.facebook.com/cebb108" />
<meta name="twitter:card" content="summary_large_image" />
<meta name="twitter:label1" content="Tiempo de lectura" />
	<meta name="twitter:data1" content="2 minutos" />
<script type="application/ld+json" class="yoast-schema-graph">{"@context":"https:\/\/schema.org","@graph":[{"@type":"WebPage","@id":"https:\/\/cebb.org.br\/instrucoes-para-participacao-presencial-108-horas-de-paz-2022-23\/","url":"https:\/\/cebb.org.br\/instrucoes-para-participacao-presencial-108-horas-de-paz-2022-23\/","name":"Instruções para Participação Presencial: 108 Horas de Paz 2022-23 - Centro de Estudos Budistas Bodisatva","isPartOf":{"@id":"https:\/\/cebb.org.br\/#website"},"datePublished":"2022-11-15T15:25:31+00:00","breadcrumb":{"@id":"https:\/\/cebb.org.br\/instrucoes-para-participacao-presencial-108-horas-de-paz-2022-23\/#breadcrumb"},"inLanguage":"es","potentialAction":[{"@type":"ReadAction","target":["https:\/\/cebb.org.br\/instrucoes-para-participacao-presencial-108-horas-de-paz-2022-23\/"]}]},{"@type":"BreadcrumbList","@id":"https:\/\/cebb.org.br\/instrucoes-para-participacao-presencial-108-horas-de-paz-2022-23\/#breadcrumb","itemListElement":[{"@type":"ListItem","position":1,"name":"Home","item":"https:\/\/cebb.org.br\/"},{"@type":"ListItem","position":2,"name":"Instruções para Participação Presencial: 108 Horas de Paz 2022-23"}]},{"@type":"WebSite","@id":"https:\/\/cebb.org.br\/#website","url":"https:\/\/cebb.org.br\/","name":"Centro de Estudos Budistas Bodisatva","description":"Budismo, meditação e cultura de paz | Lama Padma Samten","publisher":{"@id":"https:\/\/cebb.org.br\/#organization"},"potentialAction":[{"@type":"SearchAction","target":{"@type":"EntryPoint","urlTemplate":"https:\/\/cebb.org.br\/?s={search_term_string}"},"query-input":{"@type":"PropertyValueSpecification","valueRequired":true,"valueName":"search_term_string"}}],"inLanguage":"es"},{"@type":"Organization","@id":"https:\/\/cebb.org.br\/#organization","name":"Centro de Estudos Budistas Bodisatva","url":"https:\/\/cebb.org.br\/","logo":{"@type":"ImageObject","inLanguage":"es","@id":"https:\/\/cebb.org.br\/#\/schema\/logo\/image\/","url":"http:\/\/18.230.164.79\/wp-content\/uploads\/2011\/03\/logosalvador-peq-e1660064979551.jpg","contentUrl":"http:\/\/18.230.164.79\/wp-content\/uploads\/2011\/03\/logosalvador-peq-e1660064979551.jpg","width":280,"height":231,"caption":"Centro de Estudos Budistas Bodisatva"},"image":{"@id":"https:\/\/cebb.org.br\/#\/schema\/logo\/image\/"},"sameAs":["https:\/\/pt-br.facebook.com\/cebb108","https:\/\/www.instagram.com\/cebbcaminhodomeio\/"]}]}</script>
<!-- / Yoast SEO plugin. -->

Instruções para Participação Presencial: 108 Horas de Paz 2022-23 - Centro de Estudos Budistas Bodisatva

O 108 Horas de Paz &#8211; Espiritualidade e Cultura de Paz 2022-23, será presencial e transmitido online no período de 27 de dezembro de 2022 a 01 de janeiro de 2023. Esta página traz instruções para aqueles que desejam acompanhar presencialmente no CEBB Caminho do Meio (Viamão, RS).

Budismo, meditación y cultura de paz | Lama Padma Samten
